?
True
Is 2086621 a composite number?
False
Is 1009699 a composite number?
True
Is 66821 a composite number?
False
Is 177 prime?
False
Is 312197 a composite number?
False
Is 3691 a prime number?
True
Is 29695 a composite number?
True
Is 10903 prime?
True
Is 28157 composite?
True
Is 90319 prime?
False
Is 180307 prime?
True
Is 121721 a composite number?
False
Is 3229 a composite number?
False
Is 237043 composite?
False
Is 478391 a prime number?
True
Is 251461 composite?
True
Is 5435 a composite number?
True
Is 17093 a prime number?
True
Is 122767 a prime number?
False
Is 32493 a composite number?
True
Is 1171373 composite?
True
Is 89779 a prime number?
True
Is 166819 prime?
False
Is 508265 composite?
True
Is 27041 a prime number?
False
Is 15929 prime?
False
Is 1349 a composite number?
True
Is 380041 a prime number?
True
Is 33049 prime?
True
Is 14233 a composite number?
True
Is 93941 a prime number?
True
Is 12451 prime?
True
Is 6287 composite?
False
Is 24407 a composite number?
False
Is 5273 a composite number?
False
Is 22501 a prime number?
True
Is 174101 a composite number?
False
Is 779591 composite?
False
Is 241739 composite?
False
Is 3833 prime?
True
Is 122011 prime?
True
Is 218951 a prime number?
False
Is 145273 prime?
False
Is 139705 a composite number?
True
Is 4783 a composite number?
False
Is 9742 composite?
True
Is 18797 prime?
True
Is 552301 composite?
False
Is 26507 a composite number?
True
Is 56179 a composite number?
False
Is 18517 prime?
True
Is 67 a prime number?
True
Is 440938 prime?
False
Is 831 a prime number?
False
Is 4621 prime?
True
Is 2453 prime?
False
Is 11897 prime?
True
Is 535133 a composite number?
False
Is 176299 a prime number?
True
Is 395273 a prime number?
True
Is 2999 prime?
True
Is 1831 a composite number?
False
Is 58427 prime?
True
Is 6119 prime?
False
Is 12955 composite?
True
Is 18302 composite?
True
Is 6362 a prime number?
False
Is 2887019 a composite number?
False
Is 193159 a composite number?
True
Is 3299 a prime number?
True
Is 10454 a prime number?
False
Is 883997 composite?
True
Is 27427 a composite number?
False
Is 209353 a prime number?
True
Is 6245 prime?
False
Is 340773 a prime number?
False
Is 999619 a composite number?
True
Is 2411 prime?
True
Is 4271 a composite number?
False
Is 2281909 prime?
False
Is 191303 a composite number?
True
Is 5227 a composite number?
False
Is 53171 a prime number?
True
Is 19281 a composite number?
True
Is 123341 prime?
True
Is 9031 composite?
True
Is 130957 prime?
True
Is 4341 a composite number?
True
Is 15937 a composite number?
False
Is 361135 a composite number?
True
Is 4511 prime?
False
Is 26627 a prime number?
True
Is 10037 composite?
False
Is 5309 prime?
True
Is 2579 a prime number?
True
Is 165037 a prime number?
True
Is 4010081 composite?
False
Is 3203 prime?
True
Is 700361 a composite number?
False
Is 64433 prime?
True
Is 11233 a composite number?
True
Is 71227 a composite number?
True
Is 104107 composite?
False
Is 28411 a composite number?
False
Is 4782023 prime?
True
Is 266701 composite?
False
Is 44011 prime?
False
Is 51697 a composite number?
True
Is 282767 composite?
False
Is 265919 composite?
True
Is 6635 composite?
True
Is 28349 prime?
True
Is 120451 composite?
True
Is 1447189 a composite number?
False
Is 37463 a composite number?
False
Is 59579 a prime number?
False
Is 3821 a composite number?
False
Is 536879 prime?
False
Is 433423 prime?
False
Is 179779 a composite number?
False
Is 13931 composite?
False
Is 116309 prime?
False
Is 476869 a composite number?
False
Is 43327 a composite number?
True
Is 659983 a prime number?
True
Is 191857 prime?
False
Is 58343 prime?
False
Is 26518 a composite number?
True
Is 26671 prime?
False
Is 897613 composite?
True
Is 66083 a prime number?
True
Is 229621 a prime number?
False
Is 665149 a prime number?
False
Is 23857 prime?
True
Is 8059 a composite number?
False
Is 41281 composite?
False
Is 27997 composite?
False
Is 86783 a prime number?
True
Is 52342 composite?
True
Is 25103 a composite number?
True
Is 77249 prime?
True
Is 268439 composite?
False
Is 7862 a prime number?
False
Is 2150273 a prime number?
True
Is 1080866 a composite number?
True
Is 18623 composite?
True
Is 27827 prime?
True
Is 11051 prime?
False
Is 12781 composite?
False
Is 4667 a prime number?
False
Is 347 a prime number?
True
Is 50443 prime?
False
Is 3631 a prime number?
True
Is 607479 a prime number?
False
Is 102119 composite?
True
Is 7243 a prime number?
True
Is 9967 composite?
False
Is 23261 composite?
True
Is 11819 composite?
True
Is 52707 a prime number?
False
Is 84481 a composite number?
False
Is 663209 composite?
False
Is 47981 prime?
True
Is 32741 a composite number?
True
Is 103769 composite?
False
Is 29519 prime?
False
Is 137135 a prime number?
False
Is 141281 composite?
True
Is 5699 composite?
True
Is 365791 composite?
False
Is 7841 a composite number?
False
Is 31121 prime?
True
Is 1797905 a composite number?
True
Is 181061 a prime number?
True
Is 50341 composite?
False
Is 26293 prime?
True
Is 114269 prime?
True
Is 938317 composite?
True
Is 2101 composite?
True
Is 395909 a composite number?
False
Is 40877 prime?
False
Is 24607 prime?
False
Is 9565 a prime number?
False
Is 1383739 composite?
True
Is 24121 prime?
True
Is 1426597 prime?
False
Is 4499 a prime number?
False
Is 3180221 a composite number?
True
Is 4760927 composite?
False
Is 15191 a prime number?
False
Is 49759 prime?
False
Is 15427 prime?
True
Is 26157 a composite number?
True
Is 4441 a composite number?
False
Is 20369 a composite number?
False
Is 116771 prime?
False
Is 70289 composite?
False
Is 2082497 a prime number?
True
Is 25523 prime?
True
Is 11351 composite?
False
Is 19811 composite?
True
Is 103361 composite?
True
Is 3898 a composite number?
True
Is 10541 a prime number?
False
Is 1283213 composite?
True
Is 130771 a composite number?
True
Is 2512369 composite?
False
Is 44729 a prime number?
True
Is 185 prime?
False
Is 172127 a composite number?
False
Is 31043 a composite number?
True
Is 1159127 prime?
True
Is 5919 a prime number?
False
Is 504631 a prime number?
True
Is 46861 a composite number?
False
Is 179477 a prime number?
False
Is 16429 a prime number?
False
Is 42998 prime?
False
Is 770741 a composite number?
False
Is 37805 a prime number?
False
Is 154727 a composite number?
False
Is 10347 a composite number?
True
Is 7477 prime?
True
Is 1754969 a composite number?
True
Is 75935 prime?
False
Is 712831 a composite number?
True
Is 24439 composite?
False
Is 75841 composite?
True
Is 688003 composite?
False
Is 98281 composite?
True
Is 326617 prime?
True
Is 217333 prime?
True
Is 413629 a composite number?
False
Is 888133 prime?
True
Is 65831 a prime number?
True
Is 1091 prime?
True
Is 13379 a prime number?
False
Is 26615 prime?
False
Is 1777 prime?
True
Is 159977 prime?
True
Is 111623 a composite number?
False
Is 211 a composite number?
False
Is 1759 a prime number?
True
Is 281411 prime?
False
Is 25549 a composite number?
True
Is 25459 a prime number?
False
Is 2831 a prime number?
False
Is 14941 prime?
False
Is 681629 a composite number?
True
Is 16649 prime?
True
Is 42739 composite?
True
Is 553961 a composite number?
False
Is 73783 a prime number?
True
Is 6767 composite?
True
Is 1991 a prime number?
False
Is 1117 prime?
True
Is 7981 composite?
True
Is 40093 composite?
False
Is 496217 a composite number?
True
Is 11029 prime?
False
Is 11197 a composite number?
False
Is 485 prime?
False
Is 20603 prime?
False
Is 731363 a prime number?
True
Is 17463 prime?
False
Is 137829 a prime number?
False
Is 1282 composite?
True
Is 2257 a prime number?
False
Is 369415 prime?
False
Is 68993 a composite number?
False
Is 70979 prime?
True
Is 1597 composite?
False
Is 63197 composite?
False
Is 22799 composite?
True
Is 19249 a prime number?
True
Is 709 a composite number?
False
Is 21059 composite?
False
Is 49051 a prime number?
False
Is 20087 prime?
False
Is 1409 a prime number?
True
Is 11783 composite?
False
Is 348353 a prime number?
True
Is 7513 prime?
False
Is 3449 a composite number?
False
Is 10919 a composite number?
True
Is 26293 a prime number?
True
Is 985859 a prime number?
False
Is 41011 prime?
True
Is 41981 prime?
True
Is 1828055 a composite number?
True
Is 4661 a composite number?
True
Is 3